(2). Let h = n - -33. What is the units digit of h?
3
Let a(m) = 3*m**2 + 9*m - 2138. What is the units digit of a(35)?
2
Let a(k) = -2*k - 9. Let b(g) = g**2 + 5*g - 1. Let y be b(-2). Let m be a(y). Let s = m + 35. What is the units digit of s?
0
What is the tens digit of (-42)/(-112) - (-1 + (-163845)/8)?
8
Let b = -67496 - -101628. What is the tens digit of b?
3
Let u = 1035 + 3590. What is the tens digit of u?
2
Let y be (286/8 + -2)/(9/120). Let m be ((y/35)/(-5))/((-3)/14). Suppose m*l = 1737 - 249. What is the units digit of l?
4
Let x(d) = 104*d**2 + 20*d - 230. What is the units digit of x(6)?
4
Let u be (-4910)/(-35) + (-6)/21. Let o = 143 - u. Suppose 2*x - 1 = o, -3*l - 5*x = -709. What is the hundreds digit of l?
2
Let o(q) = 9*q**2 - 2*q. Suppose -k + 15 = -0*k + v, 3*v = -9. Let x = k + -20. What is the units digit of o(x)?
0
Let b(d) = 16*d**2 + 9*d + 28. Let l be b(-7). Suppose 689 = 3*i + 4*n, 5*i - 2*n - l - 408 = 0. Let c = -108 + i. What is the units digit of c?
3
Suppose 111*l + 18 = 120*l. Suppose -k + l*i + 518 = 0, 5*k - 3009 = 3*i - 454. What is the hundreds digit of k?
5
Let n(g) = -14*g**2 - 6*g - 3. Let t be n(3). Let u be (-7)/(t/1287) + 4/(-14). Let q = 48 + u. What is the hundreds digit of q?
1
Suppose -9241 = 4*o - 16437. What is the thousands digit of o?
1
Let o(p) = -2*p + 20 + 9*p**2 - 27 - 7*p**2. What is the hundreds digit of o(19)?
6
What is the tens digit of (-2922)/(-3)*((-6)/4)/(6/(-56))?
3
Let f(j) = -j**3 - 6*j + 1. Let a be f(-6). Let s(k) = k**2 + 8*k - 905. Let w be s(26). Let r = w + a. What is the hundreds digit of r?
2
Suppose -6*p + 2 = -5*p. Let u be -3 - p - -3 - (-4)/1. Suppose 0 = 5*o - u*a - 57, 2*o - 30 = -0*o - a. What is the units digit of o?
3
Suppose 155143 = 5*p - n, -2*p = 4*n - 22248 - 39840. What is the units digit of p?
0
Let s(i) = -3*i**2 - 254*i**3 + 661 + 256*i**3 + 31 - 3*i. What is the units digit of s(0)?
2
Suppose 0 = -974*r + 981*r - 24801. What is the thousands digit of r?
3
Let r(t) = -3*t**3 - 87*t**2 - 187*t - 46. What is the hundreds digit of r(-35)?
5
Let l(k) = 2*k + 4. Let r be l(-6). What is the hundreds digit of r/10*315/10*-30?
7
Let a = 33 - 8. Suppose 1 = -4*x + a. What is the units digit of (-3)/x - 584/(-16)?
6
Let w(k) = -470*k + 32. Let y(z) be the third derivative of 47*z**4/6 - 13*z**3/6 + 17*z**2. Let p(r) = 5*w(r) + 12*y(r). What is the tens digit of p(-1)?
9
Suppose 0 = 7*u - u - 246. Let l = -33 + u. What is the tens digit of (3 - 20/8)*l - -264?
6
What is the ten thousands digit of (-1 + 47857/5)/((-1752)/(-60) - 29)?
4
Let a(w) = w**3 - 37*w**2 - 14*w - 58. Let v be a(37). Let i = v + 875. What is the hundreds digit of i?
2
Let g be (2/1)/(((-10)/286)/(-5)). Let k = g - -390. What is the tens digit of k?
7
Suppose 10*t = -24 + 84. Suppose -t*b + 18300 = 9*b. Suppose 0 = 5*v + 2*p - b, p + 1250 = 5*v - 3*p. What is the units digit of v?
6
What is the units digit of (-4 - -3)*(8 - (8 + -1))*-17866?
6
Let f(d) = 84*d**2 + 19*d - 67. What is the units digit of f(10)?
3
Let h = -310 + 36345. What is the units digit of h?
5
Suppose -5*k = 2*q + 1493, 0*q - 5*q + 1168 = -4*k. Let p = k - -668. What is the hundreds digit of p?
3
Let h(v) = 266*v + 26. Let i be h(5). Suppose i = 19*g - 17*g. Suppose -6*o = 150 - g. What is the tens digit of o?
8
Let k = -3660 + 26357. What is the ten thousands digit of k?
2
Let m = 40523 - 28726. What is the hundreds digit of m?
7
Suppose -5*a = 4*l + 15, -4*l + 6*l = a + 3. What is the hundreds digit of ((-12)/4 + 4)/(a/(-1983))?
6
Let b = -28 - -30. Suppose 7*w - b*w = 325. Suppose -w = -48*c + 47*c. What is the tens digit of c?
6
Let x = -12 - -28. Let o = x - 11. Let j = 28 - o. What is the tens digit of j?
2
Suppose -50*a - 42*a = 58717 - 167829. What is the hundreds digit of a?
1
Let b be 2/16 - 113861/(-88). Let v = 2296 - b. What is the units digit of v?
2
Let a = -236 + 240. Suppose 2*c + a*s - s - 79 = 0, 54 = 2*c - 2*s. What is the units digit of c?
2
Let o(x) = 2*x**2 + 23*x - 29. Let z be o(-13). Suppose -2*n = -z*n + 4232. What is the units digit of n?
9
Let p be ((0/(-6))/(-5))/(4/2). What is the tens digit of (4450/20)/((-1)/(-2) + p)?
4
Let i(q) be the first derivative of q**4/2 + 26*q**3/3 + 11*q**2 + 24*q - 113. What is the hundreds digit of i(-10)?
4
Suppose u + u + 0*u = 23538. What is the tens digit of u?
6
Suppose 3*d - 26987 - 6988 = 3228. What is the ten thousands digit of d?
1
What is the ten thousands digit of (-1)/(2/(-60650)) + (34 - 42 - -2)?
3
Let o = 550 - 570. What is the units digit of 0 + 966 - 4*15/o?
9
Suppose -6975 = 15*l - 1995. Let p = 383 + l. What is the units digit of p?
1
Let r(f) = 5242*f**3 + 27*f**2 + 11*f + 8. Let o(u) = -1747*u**3 - 8*u**2 - 4*u - 3. Let s(w) = 7*o(w) + 2*r(w). What is the thousands digit of s(-1)?
1
Let d = 51 + -47. Suppose 0*n + d*g - 2321 = -5*n, 0 = 3*n + 4*g - 1391. What is the tens digit of n?
6
Let b be (1 + 0 + 0 + 108)/1. Suppose 55 = 3*z + 5*t - 99, -3*t = -2*z + b. Let r = z - -66. What is the units digit of r?
9
Let g(x) = -4*x - 16. Suppose -w = -4*w - 21. Let s be g(w). Suppose 5*h + 2*r + s = 98, -4*h = 2*r - 68. What is the tens digit of h?
1
Suppose 3*k - 8 = -4*q, -4*k - 10 = -5*q - 5*k. What is the hundreds digit of 4*q/48 + 2410/12?
2
Let u be ((-16)/(-4) - 6) + 0 - -6745. Suppose 8*v - 257 - u = 0. What is the units digit of v?
5
Suppose 0 = 11*v + 2247 + 4507. Let b = v + 878. What is the hundreds digit of b?
2
What is the tens digit of -27381*56/(-231) + (-4)/(-22)?
3
Let u(i) = i + 33. Let j be u(-31). What is the tens digit of 3 - 578/j*(14 + -15)?
9
Let j = 470 - 460. Let c(t) = t**3 - 5*t**2 + 16*t + 61. What is the tens digit of c(j)?
2
What is the ten thousands digit of 1 + 13582 + 1 + -5 + -1?
1
Let i be -17 + 1727 + -3 + 0. Let q = i + -488. What is the tens digit of q?
1
Suppose 5*h - 2405 - 12330 = 0. What is the units digit of h?
7
Suppose 0 = -99*q + 101*q - 8, -m - 2*q = 24. What is the hundreds digit of ((m/8)/((-4)/1409))/1?
4
Let y(f) = -2*f**2 + 33*f - 45. Let z be y(15). Suppose -5*a + 2*o + z*o = -4903, 0 = -3*a + 5*o + 2957. What is the units digit of a?
9
Let t(v) = -1 + 3*v - 6*v**3 + 182*v**2 - 186*v**2 - 7*v - 49*v**3. What is the hundreds digit of t(-2)?
4
Suppose 0*b = 4*b - 4*k - 13868, 4*b = -3*k + 13833. Suppose 12*f = b + 3114. What is the hundreds digit of f?
5
Let d(z) = 14*z**3 + 5*z - 7. Let f(i) = -7*i**3 - 3*i + 4. Let k = 42 + -39. Let m(s) = k*d(s) + 5*f(s). What is the units digit of m(1)?
6
Let q(i) = -2*i**2 - 18*i - 9. Let u(f) = -f**2 - 17*f - 9. Let r(p) = -3*q(p) + 4*u(p). Let m(x) = 6*x - 2. Let b be m(2). What is the units digit of r(b)?
1
Let v be (1812/(-6342))/(((-2)/(-5))/((-98)/10)). Suppose 3*z - 6 - 3 = 0. Suppose 0 = x - z, v*x = -3*o + 4*x + 312. What is the units digit of o?
1
Let y = 9785 + -3257. Suppose -9948 = -12*m + y. What is the hundreds digit of m?
3
Suppose -4*n - 50*l = -45*l - 104327, 2*n - l - 52139 = 0. What is the units digit of n?
3
Let b = 20 - 43. Let u = b + 23. Suppose 5*q = y + 486, u = -3*q + 4*q - 2*y - 99. What is the units digit of q?
7
Suppose -5*n + 10 + 10 = 0. Suppose -928 - 1464 = n*d. What is the tens digit of 22/(-99) - d/18?
3
Suppose 81 = q + 78, 2*v - 2*q - 20852 = 0. What is the hundreds digit of v?
4
Let j be (-533)/(-169) - 6/39. Suppose 0*g - 1041 = -4*g - j*l, -2*g - 5*l + 531 = 0. What is the units digit of g?
8
Let n = -1 + -4. What is the tens digit of (9 + -4)/n*-183?
8
Let y(n) = -n**2 - n + 111. Let l(r) = -r**2. Let k(j) = -3*l(j) - y(j). What is the units digit of k(11)?
4
Let v(d) = -d**2 + 28*d - 53. Let j be v(26). Let i(g) = 288*g**2 + 7*g + 8. What is the tens digit of i(j)?
8
Let x(f) = -f**2 + f. Suppose 61*q = 65*q - 8. Let i(j) = -3*j**2 + 18*j - 53. Let z(l) = q*x(l) - i(l). What is the hundreds digit of z(23)?
2
Let q = -96051 + 149412. What is the ten thousands digit of q?
5
Let o be 16 - 13 - ((0 - 2) + 1). Suppose -2*h + 3*t = -o, -h + 5*t = 2 - 4. Suppose -3*w = -2*d + 115, -h*w + 132 = 4*d - 122. What is the units digit of d?
2
Let x(u) = 2*u**3 - u**2 - 12*u + 33. Let z be x(6). Suppose i - 77 = z. What is the units digit of i?
4
Let x(s) = 51*s + 48. Let q be x(14). Let k = -596 + q. What is the hundreds d